{"id":31882,"date":"2025-11-03T13:01:10","date_gmt":"2025-11-03T13:01:10","guid":{"rendered":"https:\/\/mbfatimska.ovh\/?page_id=31882"},"modified":"2025-11-03T13:02:50","modified_gmt":"2025-11-03T13:02:50","slug":"odnowa-w-duchu-swietym-dzieci-maryi","status":"publish","type":"page","link":"https:\/\/mbfatimska.ovh\/index.php\/odnowa-w-duchu-swietym-dzieci-maryi\/","title":{"rendered":"Odnowa w Duchu \u015awi\u0119tym Dzieci Maryi"},"content":{"rendered":"\t\t<div data-elementor-type=\"wp-page\" data-elementor-id=\"31882\" class=\"elementor elementor-31882\" data-elementor-post-type=\"page\">\n\t\t\t\t<div class=\"elementor-element elementor-element-c3745ad e-flex e-con-boxed e-con e-parent\" data-id=\"c3745ad\" data-element_type=\"container\" data-e-type=\"container\">\n\t\t\t\t\t<div class=\"e-con-inner\">\n\t\t\t\t<div class=\"elementor-element elementor-element-e995c94 elementor-widget elementor-widget-text-editor\" data-id=\"e995c94\" data-element_type=\"widget\" data-e-type=\"widget\" data-widget_type=\"text-editor.default\">\n\t\t\t\t<div class=\"elementor-widget-container\">\n\t\t\t\t\t\t\t\t\t<p align=\"justify\"><span style=\"font-family: Times New Roman, serif;\"><span style=\"font-size: large;\"><b>O<\/b><\/span><\/span><span style=\"font-family: Times New Roman, serif;\"><span style=\"font-size: large;\">dnowa w Duchu \u015awi\u0119tym w Ko\u015bciele katolickim, zwana tak\u017ce Katolick\u0105 Odnow\u0105 Charyzmatyczn\u0105 jest bardzo zr\u00f3\u017cnicowanym zespo\u0142em grup wiernych podejmuj\u0105cych r\u00f3\u017cne dzia\u0142ania, cz\u0119sto od siebie niezale\u017cne. Wszystkich \u0142\u0105czy to samo do\u015bwiadczenie oraz stawiaj\u0105 sobie one r\u00f3wnie\u017c te same cele. Zaliczy\u0107 do nich mo\u017cna przede wszystkim zach\u0119canie w\u0142asnych cz\u0142onk\u00f3w oraz innych wiernych do dojrza\u0142ego i nieustannego nawracania si\u0119 ku Jezusowi Chrystusowi, naszemu Panu i\u00a0Zbawicielowi. Ponadto zach\u0119canie do zdecydowanego osobistego przyj\u0119cia Osoby Ducha \u015awi\u0119tego, Jego obecno\u015bci i mocy. Odnowa zach\u0119ca do udzia\u0142u w bogatym \u017cyciu sakramentalnym i\u00a0liturgicznym, do czerpania z tradycji katolickiej modlitwy i\u00a0duchowo\u015bci, do sta\u0142ej formacji w nauce katolickiej pod kierunkiem Ko\u015bcio\u0142a i\u00a0do uczestnictwa w wype\u0142nianiu duszpasterskiego programu Ko\u015bcio\u0142a. Anga\u017cuje si\u0119 w misj\u0119 Ko\u015bcio\u0142a, g\u0142osz\u0105c Ewangeli\u0119 s\u0142owem i\u00a0czynem, ukazuj\u0105c Jezusa Chrystusa przez osobiste \u015bwiadectwo oraz te uczynki wiary i sprawiedliwo\u015bci, do kt\u00f3rych jest powo\u0142any ka\u017cdy chrze\u015bcijanin. Cech\u0105 charakterystyczn\u0105 Odnowy jest d\u0105\u017cenie do odkrycia, przyj\u0119cia i\u00a0pos\u0142ugiwania si\u0119 darami duchowymi (charyzmatami), nie tylko w Odnowie Charyzmatycznej, lecz szerzej \u2013 w ca\u0142ym Ko\u015bciele, by go umacnia\u0107 i budowa\u0107.<\/span><\/span><\/p><p align=\"justify\"><span style=\"font-family: Times New Roman, serif;\"><span style=\"font-size: large;\"><b>G<\/b><\/span><\/span><span style=\"font-family: Times New Roman, serif;\"><span style=\"font-size: large;\">rupa Odnowy w Duchu \u015awi\u0119tym w parafii p.w. Matki Bo\u017cej Fatimskiej powsta\u0142a w\u00a0styczniu 2021 roku jako owoc zorganizowanych jesieni\u0105 2020 roku Rekolekcji Ewangelizacyjnych Odnowy (REO). Od samego pocz\u0105tku obecne jest nastawienie na zg\u0142\u0119bione \u017cycie sakramentalne, w tym uczestnictwo w Mszy \u015awi\u0119tej, nabo\u017ce\u0144stwach oraz adoracji Naj\u015bwi\u0119tszego Sakramentu. Spotkania odbywaj\u0105 si\u0119 regularnie jeden raz w tygodniu \u2013 obecnie s\u0105 to poniedzia\u0142ki, po wieczornej Mszy \u015awi\u0119tej. Na ka\u017cdym spotkaniu jest d\u0142u\u017csza modlitwa wsp\u00f3lnotowa ze \u015bpiewem, w\u00a0trakcie kt\u00f3rej przywo\u0142ujemy obecno\u015bci Ducha \u015awi\u0119tego, wielbimy Pana, sk\u0142adamy Mu dzi\u0119kczynienie oraz pro\u015bby. Poszczeg\u00f3lne spotkania w miesi\u0105cu przybieraj\u0105 r\u00f3\u017cne formy, spo\u015br\u00f3d kt\u00f3rych mo\u017cna wyr\u00f3\u017cni\u0107: (1) modlitewne z rozwa\u017caniem S\u0142owa Bo\u017cego, (2) grupki dzielenia, podczas kt\u00f3rych dzielimy si\u0119 osobistym prze\u017cywaniem wiary w\u00a0odniesieniu do rozwa\u017canego fragmentu S\u0142owa Bo\u017cego, (3) formacyjne, poprzez wys\u0142uchanie katechezy\/konferencji, (4) integracyjne, kiedy to lepiej poznajemy siebie sp\u0119dzaj\u0105c wsp\u00f3lnie czas lub (5) pr\u00f3by muzyczne przed wi\u0119kszymi wydarzeniami.<\/span><\/span><\/p><p align=\"justify\"><span style=\"font-family: Times New Roman, serif;\"><span style=\"font-size: large;\"><b>W<\/b><\/span><\/span><span style=\"font-family: Times New Roman, serif;\"><span style=\"font-size: large;\">sp\u00f3lnocie przewodzi lider, kt\u00f3ry jest wybierany na okres dw\u00f3ch lat przez og\u00f3\u0142 cz\u0142onk\u00f3w po d\u0142u\u017cszym rozeznaniu i modlitwie. Zmiana lidera nast\u0105pi\u0142a latem 2023 roku. W\u00a0spotkaniach obecnie regularnie uczestniczy ok. 10 os\u00f3b, kt\u00f3re s\u0105 zorganizowane w trzech diakoniach (grupach pos\u0142uguj\u0105cych): modlitwy wstawienniczej, muzycznej oraz rozeznaj\u0105cej.<\/span><\/span><\/p><p align=\"justify\"><span style=\"font-family: Times New Roman, serif;\"><span style=\"font-size: large;\">Bardzo du\u017ca waga jest przyk\u0142adana do indywidualnej formacji duchowej cz\u0142onk\u00f3w. Podstaw\u0105 jest uko\u0144czenie\u00a0REO, po kt\u00f3rych w zale\u017cno\u015bci od rozeznanej indywidualnie drogi, cz\u0142onkowie uczestnicz\u0105 w: Seminarium Pos\u0142ugi Modlitw\u0105 Wstawiennicz\u0105, rekolekcjach \u201eUzdrawianie Wspomnie\u0144\u201d, \u201eSzkole Animatora\u201d, Studium Wiedzy Biblijnej i Teologicznej, Kursie Katechisty Parafialnego, weekendach formacyjnych, Dniach Skupienia dla grup Odnowy w Duchu \u015awi\u0119tym w dekanacie i diecezji i innych. W\u0142asna \u015bwiadomo\u015b\u0107 wiary rozwijana w wyniku formacji prowadzi do du\u017cej aktywno\u015bci cz\u0142onk\u00f3w wsp\u00f3lnoty na rzecz wsp\u00f3lnoty parafialnej, kt\u00f3r\u0105 okre\u015blamy \u201ewsp\u00f3lnot\u0105 wsp\u00f3lnot\u201d, gdzie r\u00f3\u017cne drogi i duchowo\u015bci spotykaj\u0105 si\u0119 przy jednym Stole Eucharystycznym. Do najwa\u017cniejszych aktywno\u015bci nale\u017c\u0105:<\/span><\/span><\/p><ul><li><p align=\"justify\"><span style=\"font-size: medium;\"><span style=\"font-family: Times New Roman, serif;\"><span style=\"font-size: large;\">organizowanie w parafii co oko\u0142o dwa miesi\u0105ce \u201eWieczor\u00f3w Uwielbienia z Maryj\u0105\u201d;<\/span><\/span><\/span><\/p><\/li><li><p align=\"justify\"><span style=\"font-size: medium;\"><span style=\"font-family: Times New Roman, serif;\"><span style=\"font-size: large;\">koordynowanie i promowanie akcji modlitewnej za kap\u0142an\u00f3w w ramach \u201eApostolatu \u201eMargaretka\u201d;<\/span><\/span><\/span><\/p><\/li><li><p align=\"justify\"><span style=\"font-size: medium;\"><span style=\"font-family: Times New Roman, serif;\"><span style=\"font-size: large;\">zaanga\u017cowanie w nabo\u017ce\u0144stwa cykliczne organizowane w parafii tj. Droga Krzy\u017cowa, Adoracja Krzy\u017ca, Czuwanie przed Zes\u0142aniem Ducha \u015awi\u0119tego, adoracja Naj\u015bwi\u0119tszego Sakramentu w pierwszy czwartek miesi\u0105ca i\u00a0w\u00a0pierwsz\u0105 niedziel\u0119;<\/span><\/span><\/span><\/p><\/li><li><p align=\"justify\"><span style=\"font-size: medium;\"><span style=\"font-family: Times New Roman, serif;\"><span style=\"font-size: large;\">oprawa muzyczna Mszy \u015awi\u0119tych (masz wotywna o Duchu \u015awi\u0119tym, msze przez uwielbieniem);<\/span><\/span><\/span><\/p><\/li><li><p align=\"justify\"><span style=\"font-size: medium;\"><span style=\"font-family: Times New Roman, serif;\"><span style=\"font-size: large;\">modlitwa wstawiennicza (wed\u0142ug potrzeb parafii lub w innych parafiach np. na zako\u0144czenie REO);<\/span><\/span> <\/span><\/p><\/li><li><p align=\"justify\"><span style=\"font-size: medium;\"><span style=\"font-family: Times New Roman, serif;\"><span style=\"font-size: large;\">wspieranie akcji charytatywnych parafii np. Zbi\u00f3rka \u017cywno\u015bci przed \u015bwi\u0119tami Bo\u017cego Narodzenia, pomoc osobom w kryzysie bezdomno\u015bci, udzia\u0142 w Pikniku miejskim z okazji wyboru Patrona Miasta Legionowo;<\/span><\/span><\/span><\/p><\/li><li><p align=\"justify\"><span style=\"font-size: medium;\"><span style=\"font-family: Times New Roman, serif;\"><span style=\"font-size: large;\">inicjowanie akcji ewangelizacyjnych w Parafii np. S\u0142oik ze S\u0142owem Bo\u017cym (od 2021r.); akcja &#8222;Wylosuj swojego patrona&#8221; (jednorazowo w 2022 r.); sk\u0142adanie \u015bwiadectw w\u00a0parafii rodzimej, b\u0105d\u017a w innych (w zale\u017cno\u015bci od potrzeb); udost\u0119pnianie wydarze\u0144, b\u0105d\u017a plakat\u00f3w ze S\u0142owem Bo\u017cym na Fb lub Instagramie wsp\u00f3lnoty; udzia\u0142 w modlitwie o pok\u00f3j w Radiu Warszawa (jednorazowo w\u00a02022 r.); <\/span><\/span><\/span><\/p><\/li><li><p align=\"justify\"><span style=\"font-size: medium;\"><span style=\"font-family: Times New Roman, serif;\"><span style=\"font-size: large;\">opracowywanie plakat\u00f3w, baner\u00f3w, ulotek, zak\u0142adek zach\u0119caj\u0105cych do udzia\u0142u w wydarzeniach organizowanych w parafii.<\/span><\/span><\/span><\/p><\/li><\/ul><p align=\"justify\"><span style=\"font-family: Times New Roman, serif;\"><span style=\"font-size: large;\"><b>J<\/b><\/span><\/span><span style=\"font-family: Times New Roman, serif;\"><span style=\"font-size: large;\">ednym z kluczowych cel\u00f3w dzia\u0142alno\u015bci wsp\u00f3lnoty jest integracja z\u00a0pozosta\u0142ymi wsp\u00f3l-notami dzia\u0142aj\u0105cymi w\u00a0parafii i\u00a0zach\u0119canie ich do udzia\u0142u np. w: Drodze \u015awiat\u0142a (2022, 2023), Czuwaniu przed Zes\u0142aniem Ducha \u015awi\u0119tego, Mszy wotywnej o Duchu \u015awi\u0119tym (pierwsze czytanie, psalm, modlitwa powszechna), zapraszanie na spotkania \u015bwi\u0105teczne wsp\u00f3lnoty, wspieranie innych wsp\u00f3lnot w podejmowanych przez nich dzie\u0142ach. Ponadto z inicjatywy cz\u0142onk\u00f3w wsp\u00f3lnoty w parafii zapocz\u0105tkowane zosta\u0142y Msze wotywne o Duchu \u015awi\u0119tym, zgodnie z\u00a0objawieniami Marii od Jezusa Ukrzy\u017cowanego (Ma\u0142a Arabka).<\/span><\/span><\/p><p align=\"justify\"><span style=\"font-family: Times New Roman, serif;\"><span style=\"font-size: large;\"><b>O<\/b><\/span><\/span><span style=\"font-family: Times New Roman, serif;\"><span style=\"font-size: large;\">d za\u0142o\u017cenia wsp\u00f3lnota znajduje si\u0119 opiek\u0105 ksi\u0119dza wikariusza, kt\u00f3ry w\u00a0miar\u0119 mo\u017cliwo\u015bci uczestniczy w spotkaniach. <\/span><\/span><\/p><p align=\"justify\">\u00a0<\/p>\t\t\t\t\t\t\t\t<\/div>\n\t\t\t\t<\/div>\n\t\t\t\t\t<\/div>\n\t\t\t\t<\/div>\n\t\t<div class=\"elementor-element elementor-element-1303298 e-flex e-con-boxed e-con e-parent\" data-id=\"1303298\" data-element_type=\"container\" data-e-type=\"container\">\n\t\t\t\t\t<div class=\"e-con-inner\">\n\t\t\t\t<div class=\"elementor-element elementor-element-8ec44bc elementor-widget elementor-widget-image-gallery\" data-id=\"8ec44bc\" data-element_type=\"widget\" data-e-type=\"widget\" data-widget_type=\"image-gallery.default\">\n\t\t\t\t<div class=\"elementor-widget-container\">\n\t\t\t\t\t\t\t<div class=\"elementor-image-gallery\">\n\t\t\t<div id='gallery-1' class='gallery galleryid-31882 gallery-columns-2 gallery-size-medium'><figure class='gallery-item'>\n\t\t\t<div class='gallery-icon portrait'>\n\t\t\t\t<a data-elementor-open-lightbox=\"yes\" data-elementor-lightbox-slideshow=\"8ec44bc\" data-elementor-lightbox-title=\"1\" data-e-action-hash=\"#elementor-action%3Aaction%3Dlightbox%26settings%3DeyJpZCI6MzE4ODMsInVybCI6Imh0dHBzOlwvXC9tYmZhdGltc2thLm92aFwvd3AtY29udGVudFwvdXBsb2Fkc1wvMjAyNVwvMTFcLzEtNC5qcGciLCJzbGlkZXNob3ciOiI4ZWM0NGJjIn0%3D\" href='https:\/\/mbfatimska.ovh\/wp-content\/uploads\/2025\/11\/1-4.jpg'><img fetchpriority=\"high\" width=\"200\" height=\"300\" src=\"https:\/\/mbfatimska.ovh\/wp-content\/uploads\/2025\/11\/1-4-200x300.jpg\" class=\"attachment-medium size-medium\" alt=\"\" decoding=\"async\" srcset=\"https:\/\/mbfatimska.ovh\/wp-content\/uploads\/2025\/11\/1-4-200x300.jpg 200w, https:\/\/mbfatimska.ovh\/wp-content\/uploads\/2025\/11\/1-4.jpg 467w\" sizes=\"(max-width: 200px) 100vw, 200px\" \/><\/a>\n\t\t\t<\/div><\/figure><figure class='gallery-item'>\n\t\t\t<div class='gallery-icon portrait'>\n\t\t\t\t<a data-elementor-open-lightbox=\"yes\" data-elementor-lightbox-slideshow=\"8ec44bc\" data-elementor-lightbox-title=\"Bez\u00a0tytu\u0142u\" data-e-action-hash=\"#elementor-action%3Aaction%3Dlightbox%26settings%3DeyJpZCI6MzE4ODQsInVybCI6Imh0dHBzOlwvXC9tYmZhdGltc2thLm92aFwvd3AtY29udGVudFwvdXBsb2Fkc1wvMjAyNVwvMTFcL0Jlei10eXR1bHUucG5nIiwic2xpZGVzaG93IjoiOGVjNDRiYyJ9\" href='https:\/\/mbfatimska.ovh\/wp-content\/uploads\/2025\/11\/Bez-tytulu.png'><img width=\"237\" height=\"300\" src=\"https:\/\/mbfatimska.ovh\/wp-content\/uploads\/2025\/11\/Bez-tytulu-237x300.png\" class=\"attachment-medium size-medium\" alt=\"\" decoding=\"async\" srcset=\"https:\/\/mbfatimska.ovh\/wp-content\/uploads\/2025\/11\/Bez-tytulu-237x300.png 237w, https:\/\/mbfatimska.ovh\/wp-content\/uploads\/2025\/11\/Bez-tytulu.png 243w\" sizes=\"(max-width: 237px) 100vw, 237px\" \/><\/a>\n\t\t\t<\/div><\/figure>\n\t\t<\/div>\n\t\t<\/div>\n\t\t\t\t\t\t<\/div>\n\t\t\t\t<\/div>\n\t\t\t\t\t<\/div>\n\t\t\t\t<\/div>\n\t\t\t\t<\/div>\n\t\t","protected":false},"excerpt":{"rendered":"<p>Odnowa w Duchu \u015awi\u0119tym w Ko\u015bciele katolickim, zwana tak\u017ce Katolick\u0105 Odnow\u0105 Charyzmatyczn\u0105 jest bardzo zr\u00f3\u017cnicowanym zespo\u0142em grup wiernych podejmuj\u0105cych r\u00f3\u017cne dzia\u0142ania, cz\u0119sto od siebie niezale\u017cne. Wszystkich \u0142\u0105czy to samo do\u015bwiadczenie oraz stawiaj\u0105 sobie one r\u00f3wnie\u017c te same cele. Zaliczy\u0107 do nich mo\u017cna przede wszystkim zach\u0119canie w\u0142asnych cz\u0142onk\u00f3w oraz innych wiernych do dojrza\u0142ego i nieustannego nawracania [&hellip;]<\/p>\n","protected":false},"author":1,"featured_media":30657,"parent":0,"menu_order":0,"comment_status":"closed","ping_status":"closed","template":"","meta":{"footnotes":""},"class_list":["post-31882","page","type-page","status-publish","has-post-thumbnail","hentry"],"_links":{"self":[{"href":"https:\/\/mbfatimska.ovh\/index.php\/wp-json\/wp\/v2\/pages\/31882","targetHints":{"allow":["GET"]}}],"collection":[{"href":"https:\/\/mbfatimska.ovh\/index.php\/wp-json\/wp\/v2\/pages"}],"about":[{"href":"https:\/\/mbfatimska.ovh\/index.php\/wp-json\/wp\/v2\/types\/page"}],"author":[{"embeddable":true,"href":"https:\/\/mbfatimska.ovh\/index.php\/wp-json\/wp\/v2\/users\/1"}],"replies":[{"embeddable":true,"href":"https:\/\/mbfatimska.ovh\/index.php\/wp-json\/wp\/v2\/comments?post=31882"}],"version-history":[{"count":3,"href":"https:\/\/mbfatimska.ovh\/index.php\/wp-json\/wp\/v2\/pages\/31882\/revisions"}],"predecessor-version":[{"id":31887,"href":"https:\/\/mbfatimska.ovh\/index.php\/wp-json\/wp\/v2\/pages\/31882\/revisions\/31887"}],"wp:featuredmedia":[{"embeddable":true,"href":"https:\/\/mbfatimska.ovh\/index.php\/wp-json\/wp\/v2\/media\/30657"}],"wp:attachment":[{"href":"https:\/\/mbfatimska.ovh\/index.php\/wp-json\/wp\/v2\/media?parent=31882"}],"curies":[{"name":"wp","href":"https:\/\/api.w.org\/{rel}","templated":true}]}}