{"id":31946,"date":"2025-11-05T08:24:53","date_gmt":"2025-11-05T08:24:53","guid":{"rendered":"https:\/\/mbfatimska.ovh\/?page_id=31946"},"modified":"2025-11-05T08:50:02","modified_gmt":"2025-11-05T08:50:02","slug":"nabozenstwa-i-adoracje-najswietszego-sakramentu","status":"publish","type":"page","link":"https:\/\/mbfatimska.ovh\/index.php\/nabozenstwa-i-adoracje-najswietszego-sakramentu\/","title":{"rendered":"Nabo\u017ce\u0144stwa i Adoracje"},"content":{"rendered":"<p><span style=\"color: #000000;\"><span style=\"font-size: large;\"><span style=\"font-family: Advent Pro, serif;\"><u>&#8211; I czwartek miesi\u0105ca<br \/>\n<\/u><\/span><span style=\"font-family: Times, serif;\">Adoracja po\u0142\u0105czona z Koronk\u0105 do Bo\u017cego Mi\u0142osierdzia po ostatniej Mszy \u015awi\u0119tej do godziny 21<\/span><sup><span style=\"font-family: Times, serif;\">00<\/span><\/sup><span style=\"font-family: Times, serif;\"> (X-IV) 22<\/span><sup><span style=\"font-family: Times, serif;\">00<\/span><\/sup><span style=\"font-family: Times, serif;\"> (V-IX)<\/span><\/span><\/span><\/p>\n<p>&nbsp;<\/p>\n<p><span style=\"color: #000000;\"><span style=\"font-size: large;\"><span style=\"font-family: Advent Pro, serif;\"><u>&#8211; I sobota miesi\u0105ca<br \/>\n<\/u><\/span><span style=\"font-family: Times, serif;\">Nabo\u017ce\u0144stwo wynagradzaj\u0105ce Niepokalanemu Sercu N.M.P. i adoracja do godziny 20<\/span><sup><span style=\"font-family: Times, serif;\">15<\/span><\/sup><span style=\"font-family: Times, serif;\"> (X-IV) 21<\/span><sup><span style=\"font-family: Times, serif;\">15<\/span><\/sup><span style=\"font-family: Times, serif;\"> (V-IX)<\/span><\/span><\/span><\/p>\n<p>&nbsp;<\/p>\n<p><span style=\"color: #000000;\"><span style=\"font-size: large;\"><span style=\"font-family: Advent Pro, serif;\"><u>&#8211; I niedziela miesi\u0105ca<br \/>\n<\/u><\/span><span style=\"font-family: Times, serif;\">Nabo\u017ce\u0144stwo adoracyjne po\u0142\u0105czone z procesj\u0105 eucharystyczn\u0105 po Mszy \u015awi\u0119tej o godzinie 12<\/span><sup><span style=\"font-family: Times, serif;\">30 <\/span><\/sup><span style=\"font-family: Times, serif;\">i trwa do godziny 17<\/span><sup><span style=\"font-family: Times, serif;\">30<\/span><\/sup><span style=\"font-family: Times, serif;\"> (X-IV) 18<\/span><sup><span style=\"font-family: Times, serif;\">30<\/span><\/sup><span style=\"font-family: Times, serif;\"> (V-IX)<\/span><\/span><\/span><\/p>\n<p>&nbsp;<\/p>\n<p><span style=\"color: #000000;\"><span style=\"font-size: large;\"><span style=\"font-family: Advent Pro, serif;\"><u>&#8211; ka\u017cdego 19 dnia miesi\u0105ca<br \/>\n<\/u><\/span><span style=\"font-family: Times, serif;\">Nabo\u017ce\u0144stwo do \u015awi\u0119tego J\u00f3zefa po ostatniej Mszy \u015awi\u0119tej wieczornej<\/span><\/span><\/span><\/p>\n<p>&nbsp;<\/p>\n<p><span style=\"color: #000000;\"><span style=\"font-size: large;\"><span style=\"font-family: Advent Pro, serif;\"><u>&#8211; ka\u017cdego 22 dnia miesi\u0105ca<br \/>\n<\/u><\/span><span style=\"font-family: Times, serif;\">Nabo\u017ce\u0144stwo do \u015awi\u0119tej Rity po ostatniej Mszy \u015awi\u0119tej wieczornej<br \/>\n(z wyj\u0105tkiem \u015bwi\u0105t i innych wydarze\u0144 parafialnych \u2013 godzina mo\u017ce ulec zmianie)<\/span><\/span><\/span><\/p>\n<p>&nbsp;<\/p>\n<p><span style=\"color: #000000;\"><span style=\"font-size: large;\"><span style=\"font-family: Advent Pro, serif;\"><u>&#8211; ka\u017cda \u015broda<br \/>\n<\/u><\/span><span style=\"font-family: Times, serif;\">Nowenna do Matki Bo\u017cej Nieustaj\u0105cej Pomocy po ostatniej Mszy \u015awi\u0119tej wieczornej<\/span><\/span><\/span><\/p>\n<p>&nbsp;<\/p>\n<p><a name=\"_GoBack kopia 1\"><\/a> <span style=\"color: #000000;\"><span style=\"font-size: large;\"><span style=\"font-family: Times, serif;\">&#8211; <\/span><span style=\"font-family: Times, serif;\"><u>ka\u017cdego 28 dnia miesi\u0105ca<\/u><\/span><\/span><\/span><\/p>\n<p><span style=\"color: #000000;\"><span style=\"font-size: large;\"><span style=\"font-family: Times, serif;\">Nabo\u017ce\u0144stwo do B\u0142ogos\u0142awionego kard. Stefana Wyszy\u0144skiego Patrona naszego miasta \u2013 po ostatniej Mszy \u015awi\u0119tej wieczornej<\/span><\/span><\/span><\/p>\n","protected":false},"excerpt":{"rendered":"<p>&#8211; I czwartek miesi\u0105ca Adoracja po\u0142\u0105czona z Koronk\u0105 do Bo\u017cego Mi\u0142osierdzia po ostatniej Mszy \u015awi\u0119tej do godziny 2100 (X-IV) 2200 (V-IX) &nbsp; &#8211; I sobota miesi\u0105ca Nabo\u017ce\u0144stwo wynagradzaj\u0105ce Niepokalanemu Sercu N.M.P. i adoracja do godziny 2015 (X-IV) 2115 (V-IX) &nbsp; &#8211; I niedziela miesi\u0105ca Nabo\u017ce\u0144stwo adoracyjne po\u0142\u0105czone z procesj\u0105 eucharystyczn\u0105 po Mszy \u015awi\u0119tej o godzinie [&hellip;]<\/p>\n","protected":false},"author":8,"featured_media":30657,"parent":0,"menu_order":0,"comment_status":"closed","ping_status":"closed","template":"","meta":{"footnotes":""},"class_list":["post-31946","page","type-page","status-publish","has-post-thumbnail","hentry"],"_links":{"self":[{"href":"https:\/\/mbfatimska.ovh\/index.php\/wp-json\/wp\/v2\/pages\/31946","targetHints":{"allow":["GET"]}}],"collection":[{"href":"https:\/\/mbfatimska.ovh\/index.php\/wp-json\/wp\/v2\/pages"}],"about":[{"href":"https:\/\/mbfatimska.ovh\/index.php\/wp-json\/wp\/v2\/types\/page"}],"author":[{"embeddable":true,"href":"https:\/\/mbfatimska.ovh\/index.php\/wp-json\/wp\/v2\/users\/8"}],"replies":[{"embeddable":true,"href":"https:\/\/mbfatimska.ovh\/index.php\/wp-json\/wp\/v2\/comments?post=31946"}],"version-history":[{"count":2,"href":"https:\/\/mbfatimska.ovh\/index.php\/wp-json\/wp\/v2\/pages\/31946\/revisions"}],"predecessor-version":[{"id":31954,"href":"https:\/\/mbfatimska.ovh\/index.php\/wp-json\/wp\/v2\/pages\/31946\/revisions\/31954"}],"wp:featuredmedia":[{"embeddable":true,"href":"https:\/\/mbfatimska.ovh\/index.php\/wp-json\/wp\/v2\/media\/30657"}],"wp:attachment":[{"href":"https:\/\/mbfatimska.ovh\/index.php\/wp-json\/wp\/v2\/media?parent=31946"}],"curies":[{"name":"wp","href":"https:\/\/api.w.org\/{rel}","templated":true}]}}

Nabożeństwa i Adoracje

<p><span style="color: #000000;"><span style="font-size: large;"><span style="font-family: Advent Pro, serif;"><u>&#8211; I czwartek miesiąca<br />
</u></span><span style="font-family: Times, serif;">Adoracja połączona z Koronką do Bożego Miłosierdzia po ostatniej Mszy Świętej do godziny 21</span><sup><span style="font-family: Times, serif;">00</span></sup><span style="font-family: Times, serif;"> (X-IV) 22</span><sup><span style="font-family: Times, serif;">00</span></sup><span style="font-family: Times, serif;"> (V-IX)</span></span></span></p>
<p>&nbsp;</p>
<p><span style="color: #000000;"><span style="font-size: large;"><span style="font-family: Advent Pro, serif;"><u>&#8211; I sobota miesiąca<br />
</u></span><span style="font-family: Times, serif;">Nabożeństwo wynagradzające Niepokalanemu Sercu N.M.P. i adoracja do godziny 20</span><sup><span style="font-family: Times, serif;">15</span></sup><span style="font-family: Times, serif;"> (X-IV) 21</span><sup><span style="font-family: Times, serif;">15</span></sup><span style="font-family: Times, serif;"> (V-IX)</span></span></span></p>
<p>&nbsp;</p>
<p><span style="color: #000000;"><span style="font-size: large;"><span style="font-family: Advent Pro, serif;"><u>&#8211; I niedziela miesiąca<br />
</u></span><span style="font-family: Times, serif;">Nabożeństwo adoracyjne połączone z procesją eucharystyczną po Mszy Świętej o godzinie 12</span><sup><span style="font-family: Times, serif;">30 </span></sup><span style="font-family: Times, serif;">i trwa do godziny 17</span><sup><span style="font-family: Times, serif;">30</span></sup><span style="font-family: Times, serif;"> (X-IV) 18</span><sup><span style="font-family: Times, serif;">30</span></sup><span style="font-family: Times, serif;"> (V-IX)</span></span></span></p>
<p>&nbsp;</p>
<p><span style="color: #000000;"><span style="font-size: large;"><span style="font-family: Advent Pro, serif;"><u>&#8211; każdego 19 dnia miesiąca<br />
</u></span><span style="font-family: Times, serif;">Nabożeństwo do Świętego Józefa po ostatniej Mszy Świętej wieczornej</span></span></span></p>
<p>&nbsp;</p>
<p><span style="color: #000000;"><span style="font-size: large;"><span style="font-family: Advent Pro, serif;"><u>&#8211; każdego 22 dnia miesiąca<br />
</u></span><span style="font-family: Times, serif;">Nabożeństwo do Świętej Rity po ostatniej Mszy Świętej wieczornej<br />
(z wyjątkiem świąt i innych wydarzeń parafialnych – godzina może ulec zmianie)</span></span></span></p>
<p>&nbsp;</p>
<p><span style="color: #000000;"><span style="font-size: large;"><span style="font-family: Advent Pro, serif;"><u>&#8211; każda środa<br />
</u></span><span style="font-family: Times, serif;">Nowenna do Matki Bożej Nieustającej Pomocy po ostatniej Mszy Świętej wieczornej</span></span></span></p>
<p>&nbsp;</p>
<p><a name="_GoBack kopia 1"></a> <span style="color: #000000;"><span style="font-size: large;"><span style="font-family: Times, serif;">&#8211; </span><span style="font-family: Times, serif;"><u>każdego 28 dnia miesiąca</u></span></span></span></p>
<p><span style="color: #000000;"><span style="font-size: large;"><span style="font-family: Times, serif;">Nabożeństwo do Błogosławionego kard. Stefana Wyszyńskiego Patrona naszego miasta – po ostatniej Mszy Świętej wieczornej</span></span></span></p>

<p>&#8211; I czwartek miesiąca Adoracja połączona z Koronką do Bożego Miłosierdzia po ostatniej Mszy Świętej do godziny 2100 (X-IV) 2200 (V-IX) &nbsp; &#8211; I sobota miesiąca Nabożeństwo wynagradzające Niepokalanemu Sercu N.M.P. i adoracja do godziny 2015 (X-IV) 2115 (V-IX) &nbsp; &#8211; I niedziela miesiąca Nabożeństwo adoracyjne połączone z procesją eucharystyczną po Mszy Świętej o godzinie [&hellip;]</p>
